{"id":542,"date":"2025-03-21T20:54:39","date_gmt":"2025-03-21T20:54:39","guid":{"rendered":"http:\/\/189.194.63.16\/reunionfinanzas\/index.php\/services\/"},"modified":"2026-04-29T20:55:37","modified_gmt":"2026-04-29T20:55:37","slug":"agenda","status":"publish","type":"page","link":"https:\/\/reunionuipe.nayarit.gob.mx\/?page_id=542","title":{"rendered":"Agenda"},"content":{"rendered":"\t\t<div data-elementor-type=\"wp-post\" data-elementor-id=\"542\" class=\"elementor elementor-542\" data-elementor-post-type=\"page\">\n\t\t\t\t<div class=\"elementor-element elementor-element-ecdc542 e-flex e-con-boxed e-con e-parent\" data-id=\"ecdc542\" data-element_type=\"container\" data-e-type=\"container\" data-settings=\"{&quot;background_background&quot;:&quot;classic&quot;}\">\n\t\t\t\t\t<div class=\"e-con-inner\">\n\t\t<div class=\"elementor-element elementor-element-341f31e e-con-full e-flex e-con e-child\" data-id=\"341f31e\" data-element_type=\"container\" data-e-type=\"container\">\n\t\t\t\t<div class=\"elementor-element elementor-element-c607c23 elementor-widget elementor-widget-heading\" data-id=\"c607c23\" data-element_type=\"widget\" data-e-type=\"widget\" data-widget_type=\"heading.default\">\n\t\t\t\t<div class=\"elementor-widget-container\">\n\t\t\t\t\t<h1 class=\"elementor-heading-title elementor-size-default\">Agenda<\/h1>\t\t\t\t<\/div>\n\t\t\t\t<\/div>\n\t\t\t\t<\/div>\n\t\t\t\t\t<\/div>\n\t\t\t\t<\/div>\n\t\t\t\t<section class=\"elementor-section elementor-top-section elementor-element elementor-element-2d1f5ac4 elementor-section-height-min-height elementor-section-boxed elementor-section-height-default elementor-section-items-middle\" data-id=\"2d1f5ac4\" data-element_type=\"section\" data-e-type=\"section\" data-settings=\"{&quot;background_background&quot;:&quot;gradient&quot;}\">\n\t\t\t\t\t\t\t<div class=\"elementor-background-overlay\"><\/div>\n\t\t\t\t\t\t\t<div class=\"elementor-container elementor-column-gap-default\">\n\t\t\t\t\t<div class=\"elementor-column elementor-col-100 elementor-top-column elementor-element elementor-element-19cc390b\" data-id=\"19cc390b\" data-element_type=\"column\" data-e-type=\"column\">\n\t\t\t<div class=\"elementor-widget-wrap elementor-element-populated\">\n\t\t\t\t\t\t<section class=\"elementor-section elementor-inner-section elementor-element elementor-element-f4e0b32 elementor-section-boxed elementor-section-height-default elementor-section-height-default\" data-id=\"f4e0b32\" data-element_type=\"section\" data-e-type=\"section\">\n\t\t\t\t\t\t<div class=\"elementor-container elementor-column-gap-default\">\n\t\t\t\t\t<div class=\"elementor-column elementor-col-100 elementor-inner-column elementor-element elementor-element-2db412f6\" data-id=\"2db412f6\" data-element_type=\"column\" data-e-type=\"column\">\n\t\t\t<div class=\"elementor-widget-wrap elementor-element-populated\">\n\t\t\t\t\t\t<div class=\"elementor-element elementor-element-172332a elementor-widget elementor-widget-text-editor\" data-id=\"172332a\" data-element_type=\"widget\" data-e-type=\"widget\" data-widget_type=\"text-editor.default\">\n\t\t\t\t<div class=\"elementor-widget-container\">\n\t\t\t\t\t\t\t\t\t<h5 class=\"text-primary\"><\/h5>\n<h5 class=\"text-primary\">MI\u00c9RCOLES 3 DE JUNIO<\/h5>\n<strong>RECEPCI\u00d3N DE INVITADOS (Todo el d\u00eda)<\/strong>\n<ul>\n \t<li>Llegada de participantes al Aeropuerto Internacional de Puerto Vallarta.<\/li>\n \t<li>Traslado de participantes al hotel de hospedaje.<\/li>\n \t<li>Check-in de los participantes.<\/li>\n<\/ul>\n<h3>CENA DE BIENVENIDA<\/h3>\n<pre class=\"text-primary\">(C\u00f3digo de vestimenta: <strong>LIBRE<\/strong>).<\/pre>\n\n<table class=\"table\">\n<thead>\n<tr>\n<th scope=\"col\">HORA<\/th>\n<th scope=\"col\">ACTIVIDAD<\/th>\n<th scope=\"col\"><\/th>\n<\/tr>\n<\/thead>\n<tbody>\n<tr>\n<th class=\"text-primary\" scope=\"row\">18:30 &#8211; 18:50<\/th>\n<td>Traslado de participantes del hotel de hospedaje al hotel sede<\/td>\n<td><\/td>\n<\/tr>\n<tr>\n<th class=\"text-primary\" scope=\"row\">18:50 &#8211; 19:00<\/th>\n<td>\u00a0Recepci\u00f3n de participantes.<\/td>\n<td><\/td>\n<\/tr>\n<tr>\n<th class=\"text-primary\" scope=\"row\">19:00 &#8211; 19:10<\/th>\n<td>Palabras de bienvenida por parte del Titular de la UIPEEN<\/td>\n<td><\/td>\n<\/tr>\n<tr>\n<th class=\"text-primary\" scope=\"row\">19:10 &#8211; 19:40<\/th>\n<td>Presentaci\u00f3n cultural a cargo de la Secretar\u00eda de Turismo del Estado\u00a0de Nayarit.<\/td>\n<td><\/td>\n<\/tr>\n<tr>\n<th class=\"text-primary\" scope=\"row\"><strong>20:00<\/strong><strong> &#8211; <\/strong><strong>21:30<\/strong><\/th>\n<td>Cena de tres tiempos.<\/td>\n<td><\/td>\n<\/tr>\n<tr>\n<th class=\"text-primary\" scope=\"row\"><strong>21:30<\/strong><\/th>\n<td>Traslado de participantes del hotel sede al hotel de hospedaje.<\/td>\n<td><\/td>\n<\/tr>\n<\/tbody>\n<\/table>\n<div>\n<h5 class=\"text-primary\"><\/h5>\n<\/div>\n<div>\n<h5 class=\"text-primary\">JUEVES 4 DE JUNIO<\/h5>\n<h3>EVENTO PRINCIPAL<\/h3>\n<\/div>\n<div>\n<pre class=\"text-primary\">(C\u00f3digo de vestimenta: <strong>BUSSINESS CASUAL Y\/O GUAYABERA<\/strong>).<\/pre>\n<\/div>\n<div>\n<table class=\"table\">\n<thead>\n<tr>\n<th scope=\"col\">HORA<\/th>\n<th scope=\"col\">ACTIVIDAD<\/th>\n<th scope=\"col\">LUGAR<\/th>\n<\/tr>\n<\/thead>\n<tbody>\n<tr>\n<th class=\"text-primary\" scope=\"row\">06:00 &#8211; 08:30hrs<\/th>\n<td>Desayuno en el hotel de hospedaje<\/td>\n<td><\/td>\n<\/tr>\n<tr>\n<th class=\"text-primary\" scope=\"row\">09:00 &#8211; 09:20<\/th>\n<td>Recepci\u00f3n de invitados en el <strong>Sal\u00f3n Haramara<\/strong><\/td>\n<td><\/td>\n<\/tr>\n<tr>\n<th class=\"text-primary\" scope=\"row\"><strong>09:<\/strong><strong>20 &#8211; <\/strong><strong>09:50<\/strong><\/th>\n<td>\n<ul>\n \t<li style=\"list-style-type: none;\">\n<ul>\n \t<li>Bienvenida.<\/li>\n \t<li>Presentaci\u00f3n de la mesa de honor.<\/li>\n \t<li>Mensajes de apertura por parte de:\n<ul>\n \t<li>Gobernador del Estado de Nayarit.<\/li>\n \t<li>Secretario de Administraci\u00f3n y Finanzas.<\/li>\n \t<li>Titular de la UIPEEN.<\/li>\n \t<li>Funcionarios e invitados especiales.<\/li>\n<\/ul>\n<\/li>\n<\/ul>\n<\/li>\n<\/ul>\n<\/td>\n<td><\/td>\n<\/tr>\n<tr>\n<th class=\"text-primary\" scope=\"row\"><strong>09:50 \u2013 10:00<\/strong><\/th>\n<td>Fotograf\u00eda oficial.<\/td>\n<td><\/td>\n<\/tr>\n<tr>\n<th class=\"text-primary\" scope=\"row\"><strong>10:00 \u2013<\/strong><strong>\u00a0<\/strong><strong>10:30<\/strong><\/th>\n<td>\u00a0\u00a0 Firma protocolaria de convenios por las y los titulares de las UIPE, AIPE, UIF y similares.<\/td>\n<td><\/td>\n<\/tr>\n<tr>\n<th class=\"text-primary\" scope=\"row\"><strong>10:30<\/strong><strong> &#8211; <\/strong><strong>11:00<\/strong><\/th>\n<td>Coffee break.<\/td>\n<td><\/td>\n<\/tr>\n<tr>\n<th class=\"text-primary\" scope=\"row\"><strong>11:00 &#8211; 12:30\n<\/strong><\/th>\n<td>Foros con ponentes para todos.<\/td>\n<td><\/td>\n<\/tr>\n<tr>\n<th class=\"text-primary\" scope=\"row\"><strong>12:30 &#8211; 13:30<\/strong><\/th>\n<td>Comida tipo buffet.<\/td>\n<td><\/td>\n<\/tr>\n<tr>\n<th class=\"text-primary\" scope=\"row\"><strong>13:30 &#8211; 16:50\n<\/strong><\/th>\n<td>\n<ul>\n \t<li>Mesas de trabajo a puerta cerrada (exclusiva para titulares).\n<ul>\n \t<li>Discusi\u00f3n de asuntos relevantes en materia de an\u00e1lisis, jur\u00eddico y TIC\u00b4s.<\/li>\n \t<li>Intercambio y actualizaci\u00f3n de contactos.<\/li>\n<\/ul>\n<\/li>\n \t<li>Mesas de trabajo a puerta cerrada (exclusiva para director de \u00e1rea de an\u00e1lisis).\n<ul>\n \t<li>Taller, trabajos y avances institucionales para analistas nacionales.<\/li>\n<\/ul>\n<\/li>\n<\/ul>\n<\/td>\n<td><\/td>\n<\/tr>\n<tr>\n<th class=\"text-primary\" scope=\"row\"><strong>16:50 &#8211; 17:00\n<\/strong><\/th>\n<td>Mensaje de agradecimiento y clausura por parte del Titular de la UIPEEN<\/td>\n<td><\/td>\n<\/tr>\n<tr>\n<th class=\"text-primary\" scope=\"row\"><strong>17:00\n<\/strong><\/th>\n<td>Traslado de participantes del hotel sede al hotel de hospedaje.<\/td>\n<td><\/td>\n<\/tr>\n<tr>\n<th class=\"text-primary\" scope=\"row\"><strong>17:00 \u2013 18:40\n<\/strong><\/th>\n<td>Tiempo libre<\/td>\n<td><\/td>\n<\/tr>\n<\/tbody>\n<\/table>\n<h3>EVENTO NOCTURNO<\/h3>\n<pre class=\"text-primary\">(C\u00f3digo de vestimenta: <strong>LIBRE<\/strong>).<\/pre>\n<table class=\"table\">\n<thead>\n<tr>\n<th scope=\"col\">HORA<\/th>\n<th scope=\"col\">ACTIVIDAD<\/th>\n<th scope=\"col\"><\/th>\n<\/tr>\n<\/thead>\n<tbody>\n<tr>\n<th class=\"text-primary\" scope=\"row\"><strong>18:40 &#8211; 19:00<\/strong><\/th>\n<td>Traslado de participantes del hotel de hospedaje al hotel sede<\/td>\n<td><\/td>\n<\/tr>\n<tr>\n<th class=\"text-primary\" scope=\"row\"><strong>19:00 &#8211; 23:00<\/strong><\/th>\n<td>Cena tipo buffet<\/td>\n<td><\/td>\n<\/tr>\n<tr>\n<th class=\"text-primary\" scope=\"row\"><strong>23:00<\/strong><\/th>\n<td>Traslado de participantes del Hotel Escuela Gran Nayar al Hotel Hampton<\/td>\n<td><\/td>\n<\/tr>\n<\/tbody>\n<\/table>\n<h3>VIERNES 5 DE JUNIO<\/h3>\n<table class=\"table\">\n<thead>\n<tr>\n<th scope=\"col\">HORA<\/th>\n<th scope=\"col\">ACTIVIDAD<\/th>\n<th scope=\"col\"><\/th>\n<\/tr>\n<\/thead>\n<tbody>\n<tr>\n<th class=\"text-primary\" scope=\"row\"><strong>06:00 &#8211; 10:00<\/strong><\/th>\n<td>Desayuno en el hotel de hospedaje<\/td>\n<td><\/td>\n<\/tr>\n<tr>\n<th class=\"text-primary\" scope=\"row\"><strong>Despu\u00e9s del desayuno<\/strong><\/th>\n<td>\n<ul>\n \t<li>Check-out de participantes<\/li>\n \t<li>Traslado de participantes del hotel de hospedaje al Aeropuerto Internacional de Puerto Vallarta<\/li>\n<\/ul>\n<\/td>\n<td><\/td>\n<\/tr>\n<\/tbody>\n<\/table>\n<\/div>\t\t\t\t\t\t\t\t<\/div>\n\t\t\t\t<\/div>\n\t\t\t\t\t<\/div>\n\t\t<\/div>\n\t\t\t\t\t<\/div>\n\t\t<\/section>\n\t\t\t\t\t<\/div>\n\t\t<\/div>\n\t\t\t\t\t<\/div>\n\t\t<\/section>\n\t\t<div class=\"elementor-element elementor-element-650798b e-flex e-con-boxed e-con e-parent\" data-id=\"650798b\" data-element_type=\"container\" data-e-type=\"container\">\n\t\t\t\t\t<div class=\"e-con-inner\">\n\t\t<div class=\"elementor-element elementor-element-9981232 e-con-full e-flex e-con e-child\" data-id=\"9981232\" data-element_type=\"container\" data-e-type=\"container\">\n\t\t\t\t<div class=\"elementor-element elementor-element-cd5cfb1 elementor-widget elementor-widget-heading\" data-id=\"cd5cfb1\" data-element_type=\"widget\" data-e-type=\"widget\" data-widget_type=\"heading.default\">\n\t\t\t\t<div class=\"elementor-widget-container\">\n\t\t\t\t\t<h2 class=\"elementor-heading-title elementor-size-default\">Recomendaciones<\/h2>\t\t\t\t<\/div>\n\t\t\t\t<\/div>\n\t\t\t\t<div class=\"elementor-element elementor-element-a8bad09 elementor-widget-divider--view-line elementor-widget elementor-widget-divider\" data-id=\"a8bad09\" data-element_type=\"widget\" data-e-type=\"widget\" data-widget_type=\"divider.default\">\n\t\t\t\t<div class=\"elementor-widget-container\">\n\t\t\t\t\t\t\t<div class=\"elementor-divider\">\n\t\t\t<span class=\"elementor-divider-separator\">\n\t\t\t\t\t\t<\/span>\n\t\t<\/div>\n\t\t\t\t\t\t<\/div>\n\t\t\t\t<\/div>\n\t\t<div class=\"elementor-element elementor-element-8be958b e-con-full e-flex e-con e-child\" data-id=\"8be958b\" data-element_type=\"container\" data-e-type=\"container\">\n\t\t<div class=\"elementor-element elementor-element-7ed91f0 e-con-full e-flex e-con e-child\" data-id=\"7ed91f0\" data-element_type=\"container\" data-e-type=\"container\">\n\t\t\t\t<div class=\"elementor-element elementor-element-936115b elementor-widget elementor-widget-text-editor\" data-id=\"936115b\" data-element_type=\"widget\" data-e-type=\"widget\" data-widget_type=\"text-editor.default\">\n\t\t\t\t<div class=\"elementor-widget-container\">\n\t\t\t\t\t\t\t\t\t<p>\u00a0<\/p><ul><li style=\"list-style-type: none;\"><ul><li>Para la cena de bienvenida el c\u00f3digo de vestimenta es libre; sin embargo, se recomienda usar calzado de playa, una chamarra o saco ligero, para protegerte del viento y el frio.<\/li><\/ul><\/li><\/ul><ul><li style=\"list-style-type: none;\"><ul><li>Es importante que notifique en caso de sufrir alergias o de requerir una dieta especial.<\/li><\/ul><\/li><\/ul><ul><li style=\"list-style-type: none;\"><ul><li>En caso de requerir de d\u00edas adicionales de hospedaje, el Hotel estar\u00e1 otorgando precio especial por el evento. Se tendr\u00e1 que notificar previo a su llegada o al momento del check in.<\/li><\/ul><\/li><\/ul><ul><li style=\"list-style-type: none;\"><ul><li>Para brindarles un mejor servicio y que disfruten al m\u00e1ximo su estancia se le realizar\u00e1n llamadas para confirmar su asistencia, le pedimos por favor est\u00e9 atento a ellas<\/li><\/ul><\/li><\/ul>\t\t\t\t\t\t\t\t<\/div>\n\t\t\t\t<\/div>\n\t\t\t\t<\/div>\n\t\t\t\t<\/div>\n\t\t\t\t<\/div>\n\t\t\t\t\t<\/div>\n\t\t\t\t<\/div>\n\t\t\t\t<\/div>\n\t\t","protected":false},"excerpt":{"rendered":"<p>Agenda MI\u00c9RCOLES 3 DE JUNIO RECEPCI\u00d3N DE INVITADOS (Todo el d\u00eda) Llegada de participantes al Aeropuerto Internacional de Puerto Vallarta. Traslado de participantes al hotel de hospedaje. Check-in de los participantes. CENA DE BIENVENIDA (C\u00f3digo de vestimenta: LIBRE). HORA ACTIVIDAD 18:30 &#8211; 18:50 Traslado de participantes del hotel de hospedaje al hotel sede 18:50 &#8211; [&hellip;]<\/p>\n","protected":false},"author":1,"featured_media":0,"parent":0,"menu_order":0,"comment_status":"closed","ping_status":"closed","template":"","meta":{"site-sidebar-layout":"no-sidebar","site-content-layout":"page-builder","ast-site-content-layout":"full-width-container","site-content-style":"unboxed","site-sidebar-style":"unboxed","ast-global-header-display":"","ast-banner-title-visibility":"","ast-main-header-display":"","ast-hfb-above-header-display":"","ast-hfb-below-header-display":"","ast-hfb-mobile-header-display":"","site-post-title":"disabled","ast-breadcrumbs-content":"","ast-featured-img":"disabled","footer-sml-layout":"","theme-transparent-header-meta":"enabled","adv-header-id-meta":"","stick-header-meta":"","header-above-stick-meta":"","header-main-stick-meta":"","header-below-stick-meta":"","astra-migrate-meta-layouts":"set","ast-page-background-enabled":"default","ast-page-background-meta":{"desktop":{"background-color":"","background-image":"","background-repeat":"repeat","background-position":"center center","background-size":"auto","background-attachment":"scroll","background-type":"","background-media":"","overlay-type":"","overlay-color":"","overlay-opacity":"","overlay-gradient":""},"tablet":{"background-color":"","background-image":"","background-repeat":"repeat","background-position":"center center","background-size":"auto","background-attachment":"scroll","background-type":"","background-media":"","overlay-type":"","overlay-color":"","overlay-opacity":"","overlay-gradient":""},"mobile":{"background-color":"","background-image":"","background-repeat":"repeat","background-position":"center center","background-size":"auto","background-attachment":"scroll","background-type":"","background-media":"","overlay-type":"","overlay-color":"","overlay-opacity":"","overlay-gradient":""}},"ast-content-background-meta":{"desktop":{"background-color":"var(--ast-global-color-5)","background-image":"","background-repeat":"repeat","background-position":"center center","background-size":"auto","background-attachment":"scroll","background-type":"","background-media":"","overlay-type":"","overlay-color":"","overlay-opacity":"","overlay-gradient":""},"tablet":{"background-color":"var(--ast-global-color-5)","background-image":"","background-repeat":"repeat","background-position":"center center","background-size":"auto","background-attachment":"scroll","background-type":"","background-media":"","overlay-type":"","overlay-color":"","overlay-opacity":"","overlay-gradient":""},"mobile":{"background-color":"var(--ast-global-color-5)","background-image":"","background-repeat":"repeat","background-position":"center center","background-size":"auto","background-attachment":"scroll","background-type":"","background-media":"","overlay-type":"","overlay-color":"","overlay-opacity":"","overlay-gradient":""}},"footnotes":""},"class_list":["post-542","page","type-page","status-publish","hentry"],"_links":{"self":[{"href":"https:\/\/reunionuipe.nayarit.gob.mx\/index.php?rest_route=\/wp\/v2\/pages\/542","targetHints":{"allow":["GET"]}}],"collection":[{"href":"https:\/\/reunionuipe.nayarit.gob.mx\/index.php?rest_route=\/wp\/v2\/pages"}],"about":[{"href":"https:\/\/reunionuipe.nayarit.gob.mx\/index.php?rest_route=\/wp\/v2\/types\/page"}],"author":[{"embeddable":true,"href":"https:\/\/reunionuipe.nayarit.gob.mx\/index.php?rest_route=\/wp\/v2\/users\/1"}],"replies":[{"embeddable":true,"href":"https:\/\/reunionuipe.nayarit.gob.mx\/index.php?rest_route=%2Fwp%2Fv2%2Fcomments&post=542"}],"version-history":[{"count":99,"href":"https:\/\/reunionuipe.nayarit.gob.mx\/index.php?rest_route=\/wp\/v2\/pages\/542\/revisions"}],"predecessor-version":[{"id":2607,"href":"https:\/\/reunionuipe.nayarit.gob.mx\/index.php?rest_route=\/wp\/v2\/pages\/542\/revisions\/2607"}],"wp:attachment":[{"href":"https:\/\/reunionuipe.nayarit.gob.mx\/index.php?rest_route=%2Fwp%2Fv2%2Fmedia&parent=542"}],"curies":[{"name":"wp","href":"https:\/\/api.w.org\/{rel}","templated":true}]}}